{"id":830,"date":"2026-04-24T13:11:04","date_gmt":"2026-04-24T13:11:04","guid":{"rendered":"https:\/\/berafotografia.es\/?page_id=830"},"modified":"2026-04-24T15:44:52","modified_gmt":"2026-04-24T15:44:52","slug":"en-construccion","status":"publish","type":"page","link":"https:\/\/berafotografia.es\/","title":{"rendered":"En construcci\u00f3n"},"content":{"rendered":"<p>[et_pb_section fb_built=\u00bb1&#8243; _builder_version=\u00bb4.27.6&#8243; _module_preset=\u00bbdefault\u00bb background_image=\u00bbhttps:\/\/berafotografia.es\/wp-content\/uploads\/2026\/04\/Volvemos.jpg\u00bb background_position=\u00bbcenter_right\u00bb min_height=\u00bb100vh\u00bb min_height_tablet=\u00bb100vh\u00bb min_height_phone=\u00bb100vh\u00bb min_height_last_edited=\u00bbon|desktop\u00bb custom_margin=\u00bb||0px||false|false\u00bb custom_padding=\u00bb||0px||false|false\u00bb hover_enabled=\u00bb0&#8243; background_last_edited=\u00bbon|phone\u00bb background_position_tablet=\u00bbcenter_right\u00bb background_position_phone=\u00bbtop_right\u00bb background_horizontal_offset_phone=\u00bb20%\u00bb background_vertical_offset_phone=\u00bb0%\u00bb global_colors_info=\u00bb{}\u00bb sticky_enabled=\u00bb0&#8243;][et_pb_row custom_padding_last_edited=\u00bbon|phone\u00bb _builder_version=\u00bb4.27.6&#8243; _module_preset=\u00bbdefault\u00bb custom_margin=\u00bb-70px||||false|false\u00bb custom_padding=\u00bb15vh||25vh||false|false\u00bb custom_padding_tablet=\u00bb12vh||22vh||false|false\u00bb custom_padding_phone=\u00bb10vh||20vh||false|false\u00bb global_colors_info=\u00bb{}\u00bb][et_pb_column type=\u00bb4_4&#8243; _builder_version=\u00bb4.27.6&#8243; _module_preset=\u00bbdefault\u00bb global_colors_info=\u00bb{}\u00bb][et_pb_image src=\u00bbhttps:\/\/berafotografia.es\/wp-content\/uploads\/2026\/04\/Logo-sin-fondo-blanco.png\u00bb title_text=\u00bbLogo sin fondo blanco\u00bb align=\u00bbcenter\u00bb _builder_version=\u00bb4.27.6&#8243; _module_preset=\u00bbdefault\u00bb width=\u00bb220px\u00bb width_tablet=\u00bb180px\u00bb width_phone=\u00bb155px\u00bb width_last_edited=\u00bbon|phone\u00bb custom_margin=\u00bb||10px||false|false\u00bb animation_style=\u00bbfade\u00bb animation_duration=\u00bb800ms\u00bb animation_starting_opacity=\u00bb2%\u00bb global_colors_info=\u00bb{}\u00bb][\/et_pb_image][et_pb_text _builder_version=\u00bb4.27.6&#8243; _module_preset=\u00bbdefault\u00bb text_font=\u00bbMontserrat|900|||||||\u00bb text_font_size=\u00bb44px\u00bb text_letter_spacing=\u00bb-1px\u00bb text_line_height=\u00bb1.05em\u00bb custom_margin=\u00bb20px||14px||false|false\u00bb custom_padding=\u00bb||||false|false\u00bb animation_style=\u00bbfade\u00bb animation_duration=\u00bb800ms\u00bb animation_delay=\u00bb120ms\u00bb hover_enabled=\u00bb0&#8243; text_font_size_tablet=\u00bb34px\u00bb text_font_size_phone=\u00bb26px\u00bb text_font_size_last_edited=\u00bbon|desktop\u00bb custom_css_free_form=\u00bb.bera-main {||  font-size: 36px;||  font-weight: 700;||  color: #ffffff;||  text-align: center;||  letter-spacing: -0.5px;||  margin-top: 20px;||}||||.bera-sub {||  font-size: 16px;||  font-weight: 400;||  color: rgba(255,255,255,0.75);||  text-align: center;||  margin-top: 10px;||}||||@media (max-width: 768px) {||  .bera-main {||    font-size: 26px;||  }||||  .bera-sub {||    font-size: 14px;||  }||}\u00bb global_colors_info=\u00bb{}\u00bb sticky_enabled=\u00bb0&#8243; text_text_color=\u00bb#FFFFFF\u00bb]<\/p>\n<div class=\"bera-main\">Nueva web en camino<\/div>\n<p>[\/et_pb_text][et_pb_text _builder_version=\u00bb4.27.6&#8243; _module_preset=\u00bbdefault\u00bb text_font=\u00bbPoppins||||||||\u00bb text_text_color=\u00bbrgba(255,255,255,0.7)\u00bb text_font_size=\u00bb17px\u00bb text_line_height=\u00bb1.4em\u00bb animation_style=\u00bbfade\u00bb animation_duration=\u00bb900ms\u00bb animation_delay=\u00bb220ms\u00bb animation_starting_opacity=\u00bb4%\u00bb hover_enabled=\u00bb0&#8243; text_font_size_tablet=\u00bb15px\u00bb text_font_size_phone=\u00bb13px\u00bb text_font_size_last_edited=\u00bbon|phone\u00bb global_colors_info=\u00bb{}\u00bb sticky_enabled=\u00bb0&#8243;]<\/p>\n<div class=\"bera-sub\">En unos d\u00edas podr\u00e1s descubrirla<\/div>\n<p>[\/et_pb_text][et_pb_button button_url=\u00bbhttps:\/\/wa.me\/34683534559?text=Hola%20Ra\u00fal,%20he%20visto%20tu%20web%20y%20me%20gustar\u00eda%20informaci\u00f3n%20sobre%20fotograf\u00eda.%20Es%20para%20un%20evento\/partido%20en%20%91fecha%93%20en%20%91lugar%93.\u00bb button_text=\u00bbContactar por WhatsApp\u00bb button_alignment=\u00bbcenter\u00bb _builder_version=\u00bb4.27.6&#8243; _module_preset=\u00bbdefault\u00bb custom_button=\u00bbon\u00bb button_text_size=\u00bb14px\u00bb button_text_color=\u00bb#000000&#8243; button_bg_color=\u00bb#FFFFFF\u00bb button_border_width=\u00bb1px\u00bb button_border_color=\u00bbrgba(255,255,255,0.6)\u00bb button_border_radius=\u00bb20px\u00bb button_letter_spacing=\u00bb2px\u00bb button_font=\u00bbMontserrat|600|||||||\u00bb custom_margin=\u00bb25px|26px|25px|26px|false|false\u00bb custom_padding=\u00bb|26px||26px|false|false\u00bb animation_style=\u00bbfade\u00bb animation_duration=\u00bb900ms\u00bb animation_delay=\u00bb320ms\u00bb animation_starting_opacity=\u00bb4%\u00bb button_text_size_tablet=\u00bb13px\u00bb button_text_size_phone=\u00bb12px\u00bb button_text_size_last_edited=\u00bbon|phone\u00bb custom_css_free_form=\u00bbtransition: all 0.3s ease;\u00bb global_colors_info=\u00bb{}\u00bb button_bg_color__hover_enabled=\u00bbon|hover\u00bb button_bg_color__hover=\u00bb#f5f5f5&#8243; button_bg_enable_color__hover=\u00bbon\u00bb button_text_color__hover_enabled=\u00bbon|hover\u00bb button_text_color__hover=\u00bb#0C71C3&#8243;][\/et_pb_button][\/et_pb_column][\/et_pb_row][\/et_pb_section]<\/p>\n","protected":false},"excerpt":{"rendered":"<p>Nueva web en caminoEn unos d\u00edas podr\u00e1s descubrirla<\/p>\n","protected":false},"author":1,"featured_media":0,"parent":0,"menu_order":0,"comment_status":"closed","ping_status":"closed","template":"","meta":{"_et_pb_use_builder":"on","_et_pb_old_content":"","_et_gb_content_width":"","footnotes":"","_links_to":"","_links_to_target":""},"class_list":["post-830","page","type-page","status-publish","hentry"],"_links":{"self":[{"href":"https:\/\/berafotografia.es\/index.php\/wp-json\/wp\/v2\/pages\/830","targetHints":{"allow":["GET"]}}],"collection":[{"href":"https:\/\/berafotografia.es\/index.php\/wp-json\/wp\/v2\/pages"}],"about":[{"href":"https:\/\/berafotografia.es\/index.php\/wp-json\/wp\/v2\/types\/page"}],"author":[{"embeddable":true,"href":"https:\/\/berafotografia.es\/index.php\/wp-json\/wp\/v2\/users\/1"}],"replies":[{"embeddable":true,"href":"https:\/\/berafotografia.es\/index.php\/wp-json\/wp\/v2\/comments?post=830"}],"version-history":[{"count":33,"href":"https:\/\/berafotografia.es\/index.php\/wp-json\/wp\/v2\/pages\/830\/revisions"}],"predecessor-version":[{"id":903,"href":"https:\/\/berafotografia.es\/index.php\/wp-json\/wp\/v2\/pages\/830\/revisions\/903"}],"wp:attachment":[{"href":"https:\/\/berafotografia.es\/index.php\/wp-json\/wp\/v2\/media?parent=830"}],"curies":[{"name":"wp","href":"https:\/\/api.w.org\/{rel}","templated":true}]}}